 k(c) = -18952*c - 227413. What is k(-12)?
11
Let v(z) = 3*z**3 - 26*z**2 - 335*z + 2610. Calculate v(12).
30
Let d(s) = -846*s**2 + 10141*s + 159. Give d(12).
27
Let j(k) = k**2 - 62139*k + 621289. Determine j(10).
-1
Let b(q) = 1433*q + 182132. Give b(-127).
141
Let r(m) = 154*m - 9804. Calculate r(62).
-256
Let w(x) = x**3 + 28*x**2 + 149*x + 6089. Give w(-31).
-1413
Let r(z) = 300*z - 1930. Give r(9).
770
Let i(m) = m**2 - 47*m - 19160. Determine i(-115).
-530
Let u(l) = -36*l**3 - 1618*l**2 + 54*l + 811. What is u(-45)?
2431
Let u(w) = 150*w - 5959. Determine u(35).
-709
Let v(j) = -9*j**2 - 1555*j + 27580. Determine v(-189).
-14
Let x(m) = -m**3 + m**2 + 301*m - 13. Calculate x(-17).
72
Let d(x) = 5782*x - 283333. Give d(49).
-15
Let b(i) = -9*i**2 - 3424*i + 244863. Calculate b(-442).
-5
Let f(j) = -5*j**3 - 111*j**2 - 171*j + 95. Determine f(-2).
33
Let n(u) = -216*u**2 - 211*u - 467. Determine n(-3).
-1778
Let y(j) = 29*j**2 + 89*j + 221. Give y(-4).
329
Let c(d) = -312*d**2 + 16860*d - 644. Determine c(54).
4
Let o(k) = -187188*k**2 + 2433441*k + 40. What is o(13)?
1
Let a(f) = 19*f**2 - 252*f + 1425. Give a(6).
597
Let x(k) = -k**2 + 1993*k - 106959. What is x(55)?
-369
Let y(o) = -o**3 + 25*o**2 + 2099*o + 59. Determine y(60).
-1
Let l(i) = -i**2 - 50160*i - 5155868. Determine l(-103).
3
Let i(z) = 7*z**2 + 2372*z + 36142. Calculate i(-16).
-18
Let x(q) = -116*q**3 - 129*q**2 - 339*q + 2. What is x(-3)?
2990
Let v(i) = 3*i**2 + 11901*i - 35780. Give v(3).
-50
Let g(b) = -367*b - 3193. Determine g(-6).
-991
Let m(l) = 20258*l + 141855. What is m(-7)?
49
Let q(t) = -t**2 + 57*t - 215. Give q(46).
291
Let k(a) = -a**3 + 64*a**2 + 246*a - 285. Determine k(67).
2730
Let p(w) = 4573*w + 274350. Calculate p(-60).
-30
Let l(c) = 11686*c + 631071. Give l(-54).
27
Let l(k) = 12732*k - 126872. What is l(10)?
448
Let o(m) = -9*m**3 + 294*m**2 + 177*m - 2566. Calculate o(33).
8
Let o(m) = 3*m**2 + 833*m + 55648. Calculate o(-112).
-16
Let u(f) = -273011*f - 1365069. Calculate u(-5).
-14
Let x(t) = -t**3 + 408*t**2 - 3585*t - 17. Calculate x(9).
37
Let y(t) = -3*t**2 + 2108*t + 19041. Give y(-9).
-174
Let x(i) = 2*i**2 + 1179*i - 707369. Determine x(369).
4
Let h(n) = n**3 + 100*n**2 - 327*n - 244. Give h(4).
112
Let k(i) = 77*i - 7312. Determine k(94).
-74
Let o(r) = 3*r**3 - 63*r**2 + 269*r - 141. Determine o(15).
-156
Let v(l) = 120706*l + 482829. What is v(-4)?
5
Let h(c) = 135*c**2 + 48852*c - 6547. Give h(-362).
-31
Let n(h) = h**2 + 435*h + 40769. What is n(-137)?
-57
Let c(q) = -q**2 + 17661*q - 141226. What is c(8)?
-2
Let n(u) = u**2 - 426*u + 12825. Determine n(33).
-144
Let m(x) = -x**3 - 224*x**2 + 276*x + 11488. Give m(-225).
13
Let m(y) = 8622*y + 431060. Determine m(-50).
-40
Let t(u) = -517*u - 157462. What is t(-304)?
-294
Let w(l) = -l**2 - 2293*l + 143623. Give w(61).
29
Let r(x) = -x**2 + 7191*x - 862433. Determine r(122).
-15
Let w(s) = -35527*s + 106573. Calculate w(3).
-8
Let h(c) = -20966*c - 41952. Calculate h(-2).
-20
Let v(n) = -n**3 + 98*n**2 - 1834*n + 4376. Determine v(74).
84
Let m(x) = -46*x**3 + x**2 + 9*x + 10. What is m(2)?
-336
Let f(c) = 184234*c + 1842294. What is f(-10)?
-46
Let r(a) = 281*a - 46598. Calculate r(165).
-233
Let i(t) = -1981*t + 222327. Calculate i(112).
455
Let b(m) = -119*m**2 - 32813*m + 8548. Calculate b(-276).
-8
Let d(u) = 3365*u + 27247. Determine d(-8).
327
Let j(i) = 2*i**2 + 309*i - 12128. Determine j(34).
690
Let m(c) = c**2 + 4438*c + 171203. Calculate m(-39).
-358
Let d(f) = 5906*f + 177183. What is d(-30)?
3
Let q(p) = -1929*p + 167591. Determine q(87).
-232
Let p(x) = 2*x**2 + 328*x + 3862. Calculate p(-13).
-64
Let j(w) = -w**3 + 436*w**2 - 2115*w - 17243. Determine j(431).
-3
Let h(u) = -41143*u + 329152. Determine h(8).
8
Let a(i) = -7197*i + 215732. Calculate a(30).
-178
Let w(u) = 10*u**2 - 608*u - 242. What is w(61)?
-120
Let a(q) = -3329*q + 49718. What is a(15)?
-217
Let h(v) = 143*v**2 + 5575*v + 5353. Determine h(-38).
-5
Let k(n) = -4*n**3 + 143*n**2 + 74*n - 1616. What is k(36)?
-248
Let j(k) = k**2 + 1334*k + 295906. Give j(-281).
13
Let w(x) = 5846*x - 4951552. Calculate w(847).
10
Let z(l) = l**2 + 58*l + 389. Determine z(-11).
-128
Let w(f) = -10203*f - 71268. What is w(-7)?
153
Let r(f) = 14*f + 519. Determine r(29).
925
Let y(v) = v**3 + 44*v**2 - 431*v - 89. What is y(-52)?
691
Let g(x) = -737*x + 17488. Calculate g(26).
-1674
Let d(i) = -8*i**3 + 2*i**2 - 129*i + 553. Determine d(4).
-443
Let t(g) = -4007*g - 20940. What is t(-6)?
3102
Let g(n) = n**2 + 584*n - 4163. Give g(7).
-26
Let w(x) = -8494*x**2 + 67989*x - 290. Calculate w(8).
6
Let w(j) = 18337*j - 54948. Determine w(3).
63
Let t(u) = 1303*u + 328512. Determine t(-251).
1459
Let k(o) = 46024*o - 367646. Calculate k(8).
546
Let r(f) = 1026*f + 126612. Determine r(-123).
414
Let c(x) = x**3 - 285*x**2 - 952*x + 108483. Calculate c(287).
-3
Let i(z) = -z**3 + 27*z**2 + 117*z - 3178. Determine i(27).
-19
Let o(a) = -a**3 - 897*a**2 - 969*a - 869205. Calculate o(-897).
-12
Let n(k) = k**2 - 5967*k + 724533. Give n(124).
1
Let a(i) = 23861*i + 381682. What is a(-16)?
-94
Let n(r) = 2*r**2 + 70*r + 663. What is n(-18)?
51
Let f(c) = -1844904*c - 3689833. What is f(-2)?
-25
Let k(o) = 551*o + 16741. Give k(-28).
1313
Let t(k) = -k**2 + 4210*k + 33711. What is t(-8)?
-33
Let w(z) = -9*z**2 - 601*z + 180800. Determine w(-179).
10
Let n(z) = -3*z**3 - 232*z**2 - 613*z - 6459. Give n(-75).
141
Let d(b) = -14*b**2 + 60*b - 134. Calculate d(3).
-80
Let k(v) = -2*v**3 + 70*v**2 - 6780*v + 237294. Determine k(35).
-6
Let v(k) = -87*k**3 - 5*k**2 + 34*k + 12. What is v(0)?
12
Let z(x) = -63608*x - 63611. Calculate z(-1).
-3
Let q(y) = 369*y**2 + 7340*y - 227. What is q(-20)?
573
Let q(m) = m**2 - 309*m + 6019. Calculate q(21).
-29
Let n(l) = 266*l + 13057. Determine n(-49).
23
Let w(n) = -2*n**2 - 1292*n + 18543. Give w(14).
63
Let u(f) = -624*f + 75080. Calculate u(120).
200
Let t(i) = i**3 + 128*i**2 + 3539*i + 189. Determine t(-88).
-1483
Let q(a) = 5621*a - 3552347. Give q(632).
125
Let l(k) = 80*k + 9949. Calculate l(-118).
509
Let n(l) = -1104*l - 28670. What is n(-26)?
34
Let c(r) = 8*r**2 + 1968*r - 9788. What is c(5)?
252
Let x(y) = 6*y**2 - 16*y - 1. What is x(2)?
-9
Let d(v) = -3*v**2 - 4492*v + 13494. Calculate d(3).
-9
Let o(n) = -n**3 - 65*n**2 - 36211*n - 2353724. Determine o(-65).
-9
Let t(h) = 2665103*h - 13325523. Give t(5).
-8
Let l(o) = o**2 + 10*o + 181. Calculate l(-14).
237
Let h(n) = -734*n**2 + 28*n - 56. Calculate h(-2).
-3048
Let b(y) = -54*y + 1350. Calculate b(5).
1080
Let t(k) = -503*k**2 + 5108*k + 4687. What is t(11)?
12
Let c(p) = -14*p**2 - 70*p - 87. Calculate c(-6).
-171
Let h(s) = 622*s + 605. Determine h(-1).
-17
Let x(i) = 33390*i - 434052. What is x(13)?
18
Let c(u) = u**3 + 229*u**2 - 1646*u + 1198. Determine c(-236).
-218
Let x(y) = -121*y**2 + 111*y + 111. Calculate x(-1).
-121
Let p(i) = -34910*i - 205. What is p(0)?
-205
Let l(v) = -1359*v + 587115. Give l(432).
27
Let o(w) = 33*w**2 + 32*w - 380. Calculate o(13).
5613
Let m(c) = -26*c**3 + c**2 + 3*c + 22. Determine m(-3).
724
Let p(g) = -1477699*g - 1477672. Give p(-1).
27
Let k(t) = 1035*t - 3941. Give k(1).
-2906
Let w(g) = -9*g**2 + 319*g + 2443. Determine w(-7).
-231
Let l(s) = s**2 + 117*s - 5283. What is l(-150)?
-333
Let p(h) = 52*h + 80. Determine p(-34).
-1688
Let f(v) = -4*v**3 - 186*v**2 + 47*v + 6486. Calculate f(-46).
92
Let f(l) = 1556*l - 1418. Give f(1).
138
Let b(x) = -x**3 - 526*x**2 - 41286*x - 181. Give b(-96).
395
Let u(c) = 2035*c - 33804. Calculate u(16).
-1244
Let k(l) = 219*l - 156143. Determine k(713).
4
Let n(l) = 363155*l - 2178914. What is n(6)?
16
Let p(o) = 2*o**3 - 8*o**2 - 84*o - 332. What is p(10)?
28
Let v(w) = -2*w**3 + 187*w**2 + 295*w - 299. Determine v(95).
651
Let m(s) = -2*s**2 + 23423*s + 3126688. Determine m(-132).
4
Let y(t) = -t**2 - 3941*t + 59252. Determine y(15).
-88
Let k(z) = 417*z**2 - 246*z + 513. Determine k(2).
1689
Let h(r) = 9*r**2 - 7993*r + 55873. What is h(7)?
363
Let x(l) = 8244*l - 98909. Determine x(12).
19
Let w(x) = -34*x + 1910. Calculate w(57).
-28
Let h(x) = 118*x**2 + 7667*x - 129. Calculate h(-65).
66
Let s(u) = -u**2 + 2533*u - 32715. What is s